{"id":24,"date":"2017-07-25T14:17:59","date_gmt":"2017-07-25T14:17:59","guid":{"rendered":"http:\/\/rugbymajadahonda.com\/web\/?page_id=24"},"modified":"2022-08-27T22:24:11","modified_gmt":"2022-08-27T22:24:11","slug":"historia","status":"publish","type":"page","link":"https:\/\/rugbymajadahonda.com\/web\/club\/historia\/","title":{"rendered":"Historia"},"content":{"rendered":"\t\t<div data-elementor-type=\"wp-post\" data-elementor-id=\"24\" class=\"elementor elementor-24\">\n\t\t\t\t\t\t\t\t\t<section class=\"elementor-section elementor-top-section elementor-element elementor-element-89d08b4 elementor-section-boxed elementor-section-height-default elementor-section-height-default\" data-id=\"89d08b4\" data-element_type=\"section\">\n\t\t\t\t\t\t<div class=\"elementor-container elementor-column-gap-default\">\n\t\t\t\t\t<div class=\"elementor-column elementor-col-100 elementor-top-column elementor-element elementor-element-4c63b9f\" data-id=\"4c63b9f\" data-element_type=\"column\">\n\t\t\t<div class=\"elementor-widget-wrap elementor-element-populated\">\n\t\t\t\t\t\t\t\t<div class=\"elementor-element elementor-element-64e66f2 elementor-widget elementor-widget-heading\" data-id=\"64e66f2\" data-element_type=\"widget\" data-widget_type=\"heading.default\">\n\t\t\t\t<div class=\"elementor-widget-container\">\n\t\t\t<h2 class=\"elementor-heading-title elementor-size-default\">HISTORIA<\/h2>\t\t<\/div>\n\t\t\t\t<\/div>\n\t\t\t\t<div class=\"elementor-element elementor-element-bcd9b4f elementor-widget elementor-widget-heading\" data-id=\"bcd9b4f\" data-element_type=\"widget\" data-widget_type=\"heading.default\">\n\t\t\t\t<div class=\"elementor-widget-container\">\n\t\t\t<h2 class=\"elementor-heading-title elementor-size-default\">Los inicios<\/h2>\t\t<\/div>\n\t\t\t\t<\/div>\n\t\t\t\t<div class=\"elementor-element elementor-element-30dbfc7 elementor-widget elementor-widget-text-editor\" data-id=\"30dbfc7\" data-element_type=\"widget\" data-widget_type=\"text-editor.default\">\n\t\t\t\t<div class=\"elementor-widget-container\">\n\t\t\t\t\t\t\t<p style=\"text-align: justify;\"><span style=\"color: #333333;\">Todo comenz\u00f3 con un grupo de amigos que se reun\u00edan para jugar al rugby en el c\u00e9sped de una\u00a0urbanizaci\u00f3n majariega, Las Huertas. Alberto Pellicer \u201c<em>Pelli<\/em>\u201d, Fernando Eulate. Javier Tortol \u201c<em>Tito<\/em>\u201d y Gifu\u00a0formaron el embri\u00f3n del club.<\/span><\/p><p style=\"text-align: justify;\"><span style=\"color: #333333;\">Aunque en un principio jugaron con camisetas prestadas, consiguieron gracias al mecenazgo de Jose M.\u00a0Jim\u00e9nez (Jose \u201c<em>El Moreno<\/em>\u201c) el dinero necesario para comprar las 20 primeras \u201coficiales\u201d.<\/span><\/p>\t\t\t\t\t\t<\/div>\n\t\t\t\t<\/div>\n\t\t\t\t<div class=\"elementor-element elementor-element-bc45865 elementor-widget elementor-widget-heading\" data-id=\"bc45865\" data-element_type=\"widget\" data-widget_type=\"heading.default\">\n\t\t\t\t<div class=\"elementor-widget-container\">\n\t\t\t<h2 class=\"elementor-heading-title elementor-size-default\"><spam style=\"color: #4054b2\">Azul<\/spam> y <spam style=\"color: #d80000\">Rojo<\/spam><\/h2>\t\t<\/div>\n\t\t\t\t<\/div>\n\t\t\t\t\t<\/div>\n\t\t<\/div>\n\t\t\t\t\t\t\t<\/div>\n\t\t<\/section>\n\t\t\t\t<section class=\"elementor-section elementor-top-section elementor-element elementor-element-ad1ba89 elementor-section-full_width elementor-section-height-default elementor-section-height-default\" data-id=\"ad1ba89\" data-element_type=\"section\">\n\t\t\t\t\t\t<div class=\"elementor-container elementor-column-gap-default\">\n\t\t\t\t\t<div class=\"elementor-column elementor-col-50 elementor-top-column elementor-element elementor-element-545fcb9\" data-id=\"545fcb9\" data-element_type=\"column\" data-settings=\"{&quot;background_background&quot;:&quot;classic&quot;}\">\n\t\t\t<div class=\"elementor-widget-wrap\">\n\t\t\t\t\t\t\t\t\t<\/div>\n\t\t<\/div>\n\t\t\t\t<div class=\"elementor-column elementor-col-50 elementor-top-column elementor-element elementor-element-100217d\" data-id=\"100217d\" data-element_type=\"column\">\n\t\t\t<div class=\"elementor-widget-wrap elementor-element-populated\">\n\t\t\t\t\t\t\t\t<div class=\"elementor-element elementor-element-1e51ce0 elementor-widget elementor-widget-text-editor\" data-id=\"1e51ce0\" data-element_type=\"widget\" data-widget_type=\"text-editor.default\">\n\t\t\t\t<div class=\"elementor-widget-container\">\n\t\t\t\t\t\t\t<p style=\"text-align: justify;\"><span style=\"color: #333333;\">Eligieron los\u00a0colores azul y rojo porque era una combinaci\u00f3n de colores que entonces ning\u00fan equipo de Espa\u00f1a ten\u00eda y\u00a0porque Osasuna, equipo navarro como el origen de uno de sus fundadores (Fernando Eulate) utilizaba el\u00a0los mismos en las suyas en las suyas.<\/span><\/p><p style=\"text-align: justify;\"><span style=\"color: #333333;\">Esto fue en agosto y las recibieron tarde. Los dos primeros partidos, el primero contra Alcobendas\u00a0(primero en la historia del club y primera victoria) les dejaron unas camisetas (sin lavar desde hac\u00eda siglos), ya que se presentaron en el campo cada uno con lo que pudo.<\/span><\/p><p style=\"text-align: justify;\"><span style=\"color: #333333;\">Curiosamente, fueron de color rojo. El segundo partido, contra el Chaminade,\u00a0<em>Pelli<\/em>, consigui\u00f3 que les dejasen las camisetas del equipo. Casualmente, azules.<\/span><\/p><p style=\"text-align: justify;\"><span style=\"color: #333333;\">El tercer partido, creo que fue en Orcasitas, no recuerdo contra qui\u00e9n, pero se estrenaron las\u00a0flamantes camisetas inglesas azules y rojas que, mojadas pesaban lo suyo.\u00a0<\/span><\/p><p style=\"text-align: justify;\"><span style=\"color: #333333;\">Esto fueron los inicios.<\/span><\/p>\t\t\t\t\t\t<\/div>\n\t\t\t\t<\/div>\n\t\t\t\t\t<\/div>\n\t\t<\/div>\n\t\t\t\t\t\t\t<\/div>\n\t\t<\/section>\n\t\t\t\t<section class=\"elementor-section elementor-top-section elementor-element elementor-element-d0592e5 elementor-section-stretched elementor-section-height-min-height elementor-section-boxed elementor-section-height-default elementor-section-items-middle\" data-id=\"d0592e5\" data-element_type=\"section\" data-settings=\"{&quot;stretch_section&quot;:&quot;section-stretched&quot;,&quot;background_background&quot;:&quot;classic&quot;}\">\n\t\t\t\t\t\t\t<div class=\"elementor-background-overlay\"><\/div>\n\t\t\t\t\t\t\t<div class=\"elementor-container elementor-column-gap-no\">\n\t\t\t\t\t<div class=\"elementor-column elementor-col-100 elementor-top-column elementor-element elementor-element-baaeb4c\" data-id=\"baaeb4c\" data-element_type=\"column\">\n\t\t\t<div class=\"elementor-widget-wrap elementor-element-populated\">\n\t\t\t\t\t\t\t\t<section class=\"elementor-section elementor-inner-section elementor-element elementor-element-7eb6d8c elementor-section-boxed elementor-section-height-default elementor-section-height-default\" data-id=\"7eb6d8c\" data-element_type=\"section\">\n\t\t\t\t\t\t<div class=\"elementor-container elementor-column-gap-default\">\n\t\t\t\t\t<div class=\"elementor-column elementor-col-50 elementor-inner-column elementor-element elementor-element-3518fe2\" data-id=\"3518fe2\" data-element_type=\"column\">\n\t\t\t<div class=\"elementor-widget-wrap elementor-element-populated\">\n\t\t\t\t\t\t\t\t<div class=\"elementor-element elementor-element-19fad4a elementor-widget__width-inherit elementor-widget elementor-widget-text-editor\" data-id=\"19fad4a\" data-element_type=\"widget\" data-widget_type=\"text-editor.default\">\n\t\t\t\t<div class=\"elementor-widget-container\">\n\t\t\t\t\t\t\t<p><span style=\"color: #ffffff;\">El primer equipo del Club fue el senior masculino y lo integraban un grupo de jugadores con alguna<\/span><br \/><span style=\"color: #ffffff;\">experiencia en el rugby universitario; comenz\u00f3 en la tercera divisi\u00f3n regional y en tres\u00a0a\u00f1os alcanza la primera divisi\u00f3n regional que no ha abandonado desde entonces.<\/span><\/p><p><span style=\"color: #ffffff;\">En la temporada 2002\/2003 se proclam\u00f3 campe\u00f3n de la liga auton\u00f3mica, t\u00edtulo que le dio derecho a disputar la fase de ascenso\u00a0a Primera Categor\u00eda Nacional, categor\u00eda que en la que alcanza el primer clasificado de la fase de ascenso de\u00a0su grupo.<\/span><\/p><p><span style=\"color: #ffffff;\">La temporada siguiente se form\u00f3 el equipo senior femenino con jugadoras con experiencia en el rugby\u00a0universitario y en el rugby nacional.\u00a0<\/span><\/p><p><span style=\"color: #ffffff;\">Desde entonces, nuestro equipo femenino est\u00e1 entre los cuatro\u00a0primeros puestos de Espa\u00f1a y, adem\u00e1s de haber sido campe\u00f3n en las temporadas 1992\/1993 y 1993\/1994 (el mismo a\u00f1o de su creaci\u00f3n).<\/span><\/p>\t\t\t\t\t\t<\/div>\n\t\t\t\t<\/div>\n\t\t\t\t\t<\/div>\n\t\t<\/div>\n\t\t\t\t<div class=\"elementor-column elementor-col-50 elementor-inner-column elementor-element elementor-element-5d80f4e\" data-id=\"5d80f4e\" data-element_type=\"column\">\n\t\t\t<div class=\"elementor-widget-wrap elementor-element-populated\">\n\t\t\t\t\t\t\t\t<div class=\"elementor-element elementor-element-5dd50d9 elementor-widget elementor-widget-heading\" data-id=\"5dd50d9\" data-element_type=\"widget\" data-widget_type=\"heading.default\">\n\t\t\t\t<div class=\"elementor-widget-container\">\n\t\t\t<h2 class=\"elementor-heading-title elementor-size-default\">Primer equipo<\/h2>\t\t<\/div>\n\t\t\t\t<\/div>\n\t\t\t\t<div class=\"elementor-element elementor-element-78b2d87 elementor-widget__width-auto elementor-widget elementor-widget-image\" data-id=\"78b2d87\" data-element_type=\"widget\" data-widget_type=\"image.default\">\n\t\t\t\t<div class=\"elementor-widget-container\">\n\t\t\t\t\t\t\t\t\t\t\t\t\t\t\t<img fetchpriority=\"high\" decoding=\"async\" width=\"383\" height=\"258\" src=\"https:\/\/rugbymajadahonda.com\/web\/wp-content\/uploads\/2018\/08\/1992.-SMA.-7.-Torneo-Toledo.jpg\" class=\"attachment-large size-large wp-image-795\" alt=\"\" \/>\t\t\t\t\t\t\t\t\t\t\t\t\t\t\t<\/div>\n\t\t\t\t<\/div>\n\t\t\t\t\t<\/div>\n\t\t<\/div>\n\t\t\t\t\t\t\t<\/div>\n\t\t<\/section>\n\t\t\t\t\t<\/div>\n\t\t<\/div>\n\t\t\t\t\t\t\t<\/div>\n\t\t<\/section>\n\t\t\t\t<section class=\"elementor-section elementor-top-section elementor-element elementor-element-2a5413f elementor-section-boxed elementor-section-height-default elementor-section-height-default\" data-id=\"2a5413f\" data-element_type=\"section\">\n\t\t\t\t\t\t<div class=\"elementor-container elementor-column-gap-default\">\n\t\t\t\t\t<div class=\"elementor-column elementor-col-100 elementor-top-column elementor-element elementor-element-98b911a\" data-id=\"98b911a\" data-element_type=\"column\">\n\t\t\t<div class=\"elementor-widget-wrap elementor-element-populated\">\n\t\t\t\t\t\t\t\t<div class=\"elementor-element elementor-element-c7a5415 elementor-widget elementor-widget-heading\" data-id=\"c7a5415\" data-element_type=\"widget\" data-widget_type=\"heading.default\">\n\t\t\t\t<div class=\"elementor-widget-container\">\n\t\t\t<h2 class=\"elementor-heading-title elementor-size-default\">Escuela de Rugby<\/h2>\t\t<\/div>\n\t\t\t\t<\/div>\n\t\t\t\t<div class=\"elementor-element elementor-element-454eddf elementor-widget elementor-widget-text-editor\" data-id=\"454eddf\" data-element_type=\"widget\" data-widget_type=\"text-editor.default\">\n\t\t\t\t<div class=\"elementor-widget-container\">\n\t\t\t\t\t\t\t<p style=\"text-align: justify;\"><span style=\"color: #333333;\">La\u00a0Escuela Municipal de Rugby de Majadahonda\u00a0nace en\u00a0Septiembre de 1998, en colaboraci\u00f3n con la\u00a0Concejal\u00eda de Educaci\u00f3n, Juventud y Deportes\u00a0del\u00a0<a style=\"color: #333333;\" href=\"http:\/\/www.majadahonda.org\/\">Ayuntamiento de Majadahonda<\/a>.<\/span><\/p><p style=\"text-align: justify;\"><span style=\"color: #333333;\">El Club de Rugby Majadahonda se ha convertido en\u00a0un equipo referente para la Federaci\u00f3n Madrile\u00f1a de Rugby, en cuya Junta Directiva, Comisi\u00f3n Delegada\u00a0y Asamblea participan Delegados y Directivos del CRM.\u00a0<\/span><\/p><p style=\"text-align: justify;\"><span style=\"color: #333333;\">De igual modo, la Federaci\u00f3n Espa\u00f1ola de Rugby\u00a0acude regularmente al Club de Rugby Majadahonda para solicitar colaboraci\u00f3n en la organizaci\u00f3n de\u00a0encuentros y torneos de categor\u00eda nacional e internacional.\u00a0<\/span><\/p>\t\t\t\t\t\t<\/div>\n\t\t\t\t<\/div>\n\t\t\t\t<div class=\"elementor-element elementor-element-3189656 elementor-widget elementor-widget-spacer\" data-id=\"3189656\" data-element_type=\"widget\" data-widget_type=\"spacer.default\">\n\t\t\t\t<div class=\"elementor-widget-container\">\n\t\t\t\t\t<div class=\"elementor-spacer\">\n\t\t\t<div class=\"elementor-spacer-inner\"><\/div>\n\t\t<\/div>\n\t\t\t\t<\/div>\n\t\t\t\t<\/div>\n\t\t\t\t<div class=\"elementor-element elementor-element-5e0fc05 elementor-widget elementor-widget-heading\" data-id=\"5e0fc05\" data-element_type=\"widget\" data-widget_type=\"heading.default\">\n\t\t\t\t<div class=\"elementor-widget-container\">\n\t\t\t<h2 class=\"elementor-heading-title elementor-size-default\">Hoy<\/h2>\t\t<\/div>\n\t\t\t\t<\/div>\n\t\t\t\t<div class=\"elementor-element elementor-element-ede2e90 elementor-widget elementor-widget-text-editor\" data-id=\"ede2e90\" data-element_type=\"widget\" data-widget_type=\"text-editor.default\">\n\t\t\t\t<div class=\"elementor-widget-container\">\n\t\t\t\t\t\t\t<p style=\"text-align: justify;\"><span style=\"color: #333333;\">En la actualidad, alrededor de\u00a0200 chicos y chicas\u00a0entre 5 y 17 a\u00f1os participan de las actividades que la\u00a0Escuela\u00a0ofrece a los ni\u00f1os y j\u00f3venes de la localidad. Es por ello, que nuestra escuela resulta tambi\u00e9n un referente a nivel regional, contando con varios miembros de ella entre las filas de las selecciones auton\u00f3micas.<\/span><\/p>\t\t\t\t\t\t<\/div>\n\t\t\t\t<\/div>\n\t\t\t\t\t<\/div>\n\t\t<\/div>\n\t\t\t\t\t\t\t<\/div>\n\t\t<\/section>\n\t\t\t\t<section class=\"elementor-section elementor-top-section elementor-element elementor-element-db0820e elementor-section-full_width elementor-section-height-min-height elementor-section-content-middle elementor-section-stretched elementor-section-height-default elementor-section-items-middle\" data-id=\"db0820e\" data-element_type=\"section\" data-settings=\"{&quot;stretch_section&quot;:&quot;section-stretched&quot;}\">\n\t\t\t\t\t\t<div class=\"elementor-container elementor-column-gap-no\">\n\t\t\t\t\t<div class=\"elementor-column elementor-col-100 elementor-top-column elementor-element elementor-element-fb71196\" data-id=\"fb71196\" data-element_type=\"column\">\n\t\t\t<div class=\"elementor-widget-wrap elementor-element-populated\">\n\t\t\t\t\t\t\t\t<div class=\"elementor-element elementor-element-7ecfd6f elementor-widget__width-inherit elementor-widget elementor-widget-image\" data-id=\"7ecfd6f\" data-element_type=\"widget\" data-widget_type=\"image.default\">\n\t\t\t\t<div class=\"elementor-widget-container\">\n\t\t\t\t\t\t\t\t\t\t\t\t\t\t\t<img decoding=\"async\" width=\"2560\" height=\"1707\" src=\"https:\/\/rugbymajadahonda.com\/web\/wp-content\/uploads\/2022\/08\/IMG_8222-scaled.jpg\" class=\"attachment-full size-full wp-image-9157\" alt=\"\" srcset=\"https:\/\/rugbymajadahonda.com\/web\/wp-content\/uploads\/2022\/08\/IMG_8222-scaled.jpg 2560w, https:\/\/rugbymajadahonda.com\/web\/wp-content\/uploads\/2022\/08\/IMG_8222-scaled-1500x1000.jpg 1500w, https:\/\/rugbymajadahonda.com\/web\/wp-content\/uploads\/2022\/08\/IMG_8222-scaled-300x200.jpg 300w, https:\/\/rugbymajadahonda.com\/web\/wp-content\/uploads\/2022\/08\/IMG_8222-scaled-768x512.jpg 768w, https:\/\/rugbymajadahonda.com\/web\/wp-content\/uploads\/2022\/08\/IMG_8222-scaled-1024x683.jpg 1024w, https:\/\/rugbymajadahonda.com\/web\/wp-content\/uploads\/2022\/08\/IMG_8222-scaled-1536x1024.jpg 1536w, https:\/\/rugbymajadahonda.com\/web\/wp-content\/uploads\/2022\/08\/IMG_8222-scaled-2048x1366.jpg 2048w, https:\/\/rugbymajadahonda.com\/web\/wp-content\/uploads\/2022\/08\/IMG_8222-scaled-600x400.jpg 600w\" sizes=\"(max-width: 2560px) 100vw, 2560px\" \/>\t\t\t\t\t\t\t\t\t\t\t\t\t\t\t<\/div>\n\t\t\t\t<\/div>\n\t\t\t\t\t<\/div>\n\t\t<\/div>\n\t\t\t\t\t\t\t<\/div>\n\t\t<\/section>\n\t\t\t\t\t\t\t<\/div>\n\t\t","protected":false},"excerpt":{"rendered":"<p>HISTORIA Los inicios Todo comenz\u00f3 con un grupo de amigos que se reun\u00edan para jugar al rugby en el c\u00e9sped de una\u00a0urbanizaci\u00f3n majariega, Las Huertas. Alberto Pellicer \u201cPelli\u201d, Fernando Eulate. Javier Tortol \u201cTito\u201d y Gifu\u00a0formaron el embri\u00f3n del club. Aunque en un principio jugaron con camisetas prestadas, consiguieron gracias al mecenazgo de Jose M.\u00a0Jim\u00e9nez (Jose \u201cEl Moreno\u201c) el dinero necesario para comprar las 20 primeras \u201coficiales\u201d. Azul y Rojo Eligieron los\u00a0colores azul y rojo porque era una combinaci\u00f3n de colores que entonces ning\u00fan equipo de Espa\u00f1a ten\u00eda y\u00a0porque Osasuna, equipo navarro como el origen de uno de sus fundadores (Fernando&#8230; <\/p>\n","protected":false},"author":1,"featured_media":0,"parent":1731,"menu_order":1,"comment_status":"closed","ping_status":"closed","template":"elementor_header_footer","meta":{"cybocfi_hide_featured_image":"","footnotes":""},"class_list":["post-24","page","type-page","status-publish","hentry"],"jetpack-related-posts":[{"id":10473,"url":"https:\/\/rugbymajadahonda.com\/web\/rsc-rugby-majadahonda\/","url_meta":{"origin":24,"position":0},"title":"El motor que nos mueve","author":"admin","date":"9 abril, 2023","format":false,"excerpt":"EL MOTOR QUE NOS MUEVE EDUCACI\u00d3N EN EL DEPORTE MEDIO AMBIENTE IGUALDAD Y REDUCCI\u00d3N DE DESIGUALDADES SALUD Y BIENESTAR ALIANZA PARA LOGRAR LOS OBJETIVOS EDUCACI\u00d3N EN EL DEPORTE En el Club de Rugby Majadahonda trabajamos para conseguir la mejor versi\u00f3n de los ni\u00f1os y ni\u00f1as de nuestra escuela, no solo\u2026","rel":"","context":"Entrada similar","block_context":{"text":"Entrada similar","link":""},"img":{"alt_text":"","src":"https:\/\/i0.wp.com\/rugbymajadahonda.com\/web\/wp-content\/uploads\/2021\/02\/LOGO-RUGBY-MAJADAHONDA-bicolor-300x68.png?resize=350%2C200&ssl=1","width":350,"height":200},"classes":[]},{"id":6014,"url":"https:\/\/rugbymajadahonda.com\/web\/contacto\/pagos-online\/","url_meta":{"origin":24,"position":1},"title":"Pagos Online","author":"admin","date":"9 agosto, 2021","format":false,"excerpt":"Condiciones de pagos online\u00a0Datos Fiscales del Titular:Club de Rugby Majadahonda (Inscrito en el registro oficial de Asociaciones Deportivas de la Comunidad de Madrid)C.I.F G80218886Domicilio: Campo de Rugby Valle del ArcipresteAvenida de Guadarrama, 2128220 Majadahonda (MADRID)SPAINM\u00e9todos de Pago aceptados para las inscripciones:Para pagos online se aceptan los pagos con tarjeta VISA\u2026","rel":"","context":"Entrada similar","block_context":{"text":"Entrada similar","link":""},"img":{"alt_text":"","src":"","width":0,"height":0},"classes":[]},{"id":139,"url":"https:\/\/rugbymajadahonda.com\/web\/unete-a-nosotros\/socios\/","url_meta":{"origin":24,"position":2},"title":"Socios","author":"admin","date":"25 julio, 2017","format":false,"excerpt":"BENEFICIOS Y VENTAJASSer socio del Club de Rugby Majadahonda es mucho m\u00e1s que apoyar a un club. Es ayudar en el proyecto de crecimiento de un proyecto deportivo y social.Adem\u00e1s, ser socio del Club de Rugby Majadahonda tiene ventajas exclusivas. Voz y voto en Asambleas No te quedes solo mirando.\u2026","rel":"","context":"Entrada similar","block_context":{"text":"Entrada similar","link":""},"img":{"alt_text":"","src":"https:\/\/i0.wp.com\/rugbymajadahonda.com\/web\/wp-content\/uploads\/2018\/08\/socios-1-1024x205.jpg?resize=350%2C200","width":350,"height":200,"srcset":"https:\/\/i0.wp.com\/rugbymajadahonda.com\/web\/wp-content\/uploads\/2018\/08\/socios-1-1024x205.jpg?resize=350%2C200 1x, https:\/\/i0.wp.com\/rugbymajadahonda.com\/web\/wp-content\/uploads\/2018\/08\/socios-1-1024x205.jpg?resize=525%2C300 1.5x, https:\/\/i0.wp.com\/rugbymajadahonda.com\/web\/wp-content\/uploads\/2018\/08\/socios-1-1024x205.jpg?resize=700%2C400 2x"},"classes":[]},{"id":9416,"url":"https:\/\/rugbymajadahonda.com\/web\/bases-legales-sorteo-viaje-al-mundial-francia-2023\/","url_meta":{"origin":24,"position":3},"title":"Bases legales sorteo \u00abViaje al mundial Francia 2023\u00bb","author":"admin","date":"8 septiembre, 2022","format":false,"excerpt":"1. Identificaci\u00f3n de la empresa organizadora. Club de Rugby Majadahonda, con domicilio fiscal en Av. Guadarrama 21, 28220-Majadahonda (Madrid) y con CIF G80218886 organiza una rifa titulada \u201cViaje al Mundial de Francia 2023\u201d 2. Fechas de comienzo y finalizaci\u00f3n del concurso y \u00e1mbito geogr\u00e1fico. La fecha de inicio del concurso\u2026","rel":"","context":"Entrada similar","block_context":{"text":"Entrada similar","link":""},"img":{"alt_text":"","src":"https:\/\/i0.wp.com\/rugbymajadahonda.com\/web\/wp-content\/uploads\/2021\/02\/LOGO-RUGBY-MAJADAHONDA-bicolor.png?resize=350%2C200&ssl=1","width":350,"height":200,"srcset":"https:\/\/i0.wp.com\/rugbymajadahonda.com\/web\/wp-content\/uploads\/2021\/02\/LOGO-RUGBY-MAJADAHONDA-bicolor.png?resize=350%2C200&ssl=1 1x, https:\/\/i0.wp.com\/rugbymajadahonda.com\/web\/wp-content\/uploads\/2021\/02\/LOGO-RUGBY-MAJADAHONDA-bicolor.png?resize=525%2C300&ssl=1 1.5x, https:\/\/i0.wp.com\/rugbymajadahonda.com\/web\/wp-content\/uploads\/2021\/02\/LOGO-RUGBY-MAJADAHONDA-bicolor.png?resize=700%2C400&ssl=1 2x, https:\/\/i0.wp.com\/rugbymajadahonda.com\/web\/wp-content\/uploads\/2021\/02\/LOGO-RUGBY-MAJADAHONDA-bicolor.png?resize=1050%2C600&ssl=1 3x, https:\/\/i0.wp.com\/rugbymajadahonda.com\/web\/wp-content\/uploads\/2021\/02\/LOGO-RUGBY-MAJADAHONDA-bicolor.png?resize=1400%2C800&ssl=1 4x"},"classes":[]},{"id":1731,"url":"https:\/\/rugbymajadahonda.com\/web\/club\/","url_meta":{"origin":24,"position":4},"title":"CLUB","author":"admin","date":"10 abril, 2019","format":false,"excerpt":"Queridos amigos, Juntos hemos pasado dos de los a\u00f1os m\u00e1s complicados que recordamos. Juntos hemos alcanzado los objetivos deportivos en todas las categor\u00edas. Juntos seguimos creciendo en n\u00famero de fichas, en n\u00famero de socios, en n\u00famero de patrocinadores y multiplicamos cada a\u00f1o el n\u00famero de acciones sociales y de promoci\u00f3n.\u2026","rel":"","context":"Entrada similar","block_context":{"text":"Entrada similar","link":""},"img":{"alt_text":"","src":"https:\/\/i0.wp.com\/rugbymajadahonda.com\/web\/wp-content\/uploads\/2022\/08\/TGB_7887-scaled.jpg?resize=350%2C200&ssl=1","width":350,"height":200,"srcset":"https:\/\/i0.wp.com\/rugbymajadahonda.com\/web\/wp-content\/uploads\/2022\/08\/TGB_7887-scaled.jpg?resize=350%2C200&ssl=1 1x, https:\/\/i0.wp.com\/rugbymajadahonda.com\/web\/wp-content\/uploads\/2022\/08\/TGB_7887-scaled.jpg?resize=525%2C300&ssl=1 1.5x, https:\/\/i0.wp.com\/rugbymajadahonda.com\/web\/wp-content\/uploads\/2022\/08\/TGB_7887-scaled.jpg?resize=700%2C400&ssl=1 2x, https:\/\/i0.wp.com\/rugbymajadahonda.com\/web\/wp-content\/uploads\/2022\/08\/TGB_7887-scaled.jpg?resize=1050%2C600&ssl=1 3x, https:\/\/i0.wp.com\/rugbymajadahonda.com\/web\/wp-content\/uploads\/2022\/08\/TGB_7887-scaled.jpg?resize=1400%2C800&ssl=1 4x"},"classes":[]},{"id":10939,"url":"https:\/\/rugbymajadahonda.com\/web\/unete-a-nosotros\/jugadores\/","url_meta":{"origin":24,"position":5},"title":"Jugadores","author":"admin","date":"30 agosto, 2023","format":false,"excerpt":"AC\u00c9RCATE Y JUEGA CON NOSOTROS\u00a0Si por algo nos gusta caracterizarnos en el. rugby es por dar cabida a todo el mundo. Da igual si eres alto o bajo, fuerte o delgado, r\u00e1pido o lento. No nos importa si has jugado antes o no has hecho nunca deporte.Si deseas empezar en\u2026","rel":"","context":"Entrada similar","block_context":{"text":"Entrada similar","link":""},"img":{"alt_text":"","src":"https:\/\/i0.wp.com\/rugbymajadahonda.com\/web\/wp-content\/uploads\/2021\/02\/LOGO-RUGBY-MAJADAHONDA-bicolor-300x68.png?resize=350%2C200&ssl=1","width":350,"height":200},"classes":[]}],"jetpack_sharing_enabled":true,"_links":{"self":[{"href":"https:\/\/rugbymajadahonda.com\/web\/wp-json\/wp\/v2\/pages\/24","targetHints":{"allow":["GET"]}}],"collection":[{"href":"https:\/\/rugbymajadahonda.com\/web\/wp-json\/wp\/v2\/pages"}],"about":[{"href":"https:\/\/rugbymajadahonda.com\/web\/wp-json\/wp\/v2\/types\/page"}],"author":[{"embeddable":true,"href":"https:\/\/rugbymajadahonda.com\/web\/wp-json\/wp\/v2\/users\/1"}],"replies":[{"embeddable":true,"href":"https:\/\/rugbymajadahonda.com\/web\/wp-json\/wp\/v2\/comments?post=24"}],"version-history":[{"count":115,"href":"https:\/\/rugbymajadahonda.com\/web\/wp-json\/wp\/v2\/pages\/24\/revisions"}],"predecessor-version":[{"id":9175,"href":"https:\/\/rugbymajadahonda.com\/web\/wp-json\/wp\/v2\/pages\/24\/revisions\/9175"}],"up":[{"embeddable":true,"href":"https:\/\/rugbymajadahonda.com\/web\/wp-json\/wp\/v2\/pages\/1731"}],"wp:attachment":[{"href":"https:\/\/rugbymajadahonda.com\/web\/wp-json\/wp\/v2\/media?parent=24"}],"curies":[{"name":"wp","href":"https:\/\/api.w.org\/{rel}","templated":true}]}}