{"id":30,"date":"2017-07-25T14:19:10","date_gmt":"2017-07-25T14:19:10","guid":{"rendered":"http:\/\/rugbymajadahonda.com\/web\/?page_id=30"},"modified":"2022-09-01T11:18:00","modified_gmt":"2022-09-01T11:18:00","slug":"equipos","status":"publish","type":"page","link":"https:\/\/rugbymajadahonda.com\/web\/equipos\/","title":{"rendered":"EQUIPOS"},"content":{"rendered":"\t\t<div data-elementor-type=\"wp-post\" data-elementor-id=\"30\" class=\"elementor elementor-30\">\n\t\t\t\t\t\t\t\t\t<section class=\"elementor-section elementor-top-section elementor-element elementor-element-2bcad46 elementor-section-boxed elementor-section-height-default elementor-section-height-default\" data-id=\"2bcad46\" data-element_type=\"section\">\n\t\t\t\t\t\t<div class=\"elementor-container elementor-column-gap-default\">\n\t\t\t\t\t<div class=\"elementor-column elementor-col-100 elementor-top-column elementor-element elementor-element-71c28c7\" data-id=\"71c28c7\" data-element_type=\"column\">\n\t\t\t<div class=\"elementor-widget-wrap elementor-element-populated\">\n\t\t\t\t\t\t\t\t<section class=\"elementor-section elementor-inner-section elementor-element elementor-element-d5de771 elementor-section-boxed elementor-section-height-default elementor-section-height-default\" data-id=\"d5de771\" data-element_type=\"section\">\n\t\t\t\t\t\t<div class=\"elementor-container elementor-column-gap-default\">\n\t\t\t\t\t<div class=\"elementor-column elementor-col-50 elementor-inner-column elementor-element elementor-element-f8baa1b\" data-id=\"f8baa1b\" data-element_type=\"column\">\n\t\t\t<div class=\"elementor-widget-wrap elementor-element-populated\">\n\t\t\t\t\t\t\t\t<div class=\"elementor-element elementor-element-d0b4150 elementor-widget elementor-widget-heading\" data-id=\"d0b4150\" data-element_type=\"widget\" data-widget_type=\"heading.default\">\n\t\t\t\t<div class=\"elementor-widget-container\">\n\t\t\t<h2 class=\"elementor-heading-title elementor-size-default\"><a href=\"http:\/\/rugbymajadahonda.com\/web\/equipos\/senior-femenino\/\">Senior Femenino<\/a><\/h2>\t\t<\/div>\n\t\t\t\t<\/div>\n\t\t\t\t<div class=\"elementor-element elementor-element-93c0c1f elementor-widget elementor-widget-image\" data-id=\"93c0c1f\" data-element_type=\"widget\" data-widget_type=\"image.default\">\n\t\t\t\t<div class=\"elementor-widget-container\">\n\t\t\t\t\t\t\t\t\t\t\t\t\t\t\t\t<a href=\"http:\/\/rugbymajadahonda.com\/web\/equipos\/senior-femenino\/\">\n\t\t\t\t\t\t\t<img fetchpriority=\"high\" decoding=\"async\" width=\"1024\" height=\"545\" src=\"https:\/\/rugbymajadahonda.com\/web\/wp-content\/uploads\/2021\/12\/Camiseta-Naranja-1024x545.jpg\" class=\"attachment-large size-large wp-image-7402\" alt=\"\" srcset=\"https:\/\/rugbymajadahonda.com\/web\/wp-content\/uploads\/2021\/12\/Camiseta-Naranja-1024x545.jpg 1024w, https:\/\/rugbymajadahonda.com\/web\/wp-content\/uploads\/2021\/12\/Camiseta-Naranja-300x160.jpg 300w, https:\/\/rugbymajadahonda.com\/web\/wp-content\/uploads\/2021\/12\/Camiseta-Naranja-768x409.jpg 768w, https:\/\/rugbymajadahonda.com\/web\/wp-content\/uploads\/2021\/12\/Camiseta-Naranja-600x319.jpg 600w, https:\/\/rugbymajadahonda.com\/web\/wp-content\/uploads\/2021\/12\/Camiseta-Naranja.jpg 1364w\" sizes=\"(max-width: 1024px) 100vw, 1024px\" \/>\t\t\t\t\t\t\t\t<\/a>\n\t\t\t\t\t\t\t\t\t\t\t\t\t\t\t<\/div>\n\t\t\t\t<\/div>\n\t\t\t\t\t<\/div>\n\t\t<\/div>\n\t\t\t\t<div class=\"elementor-column elementor-col-50 elementor-inner-column elementor-element elementor-element-0599fe1\" data-id=\"0599fe1\" data-element_type=\"column\">\n\t\t\t<div class=\"elementor-widget-wrap elementor-element-populated\">\n\t\t\t\t\t\t\t\t<div class=\"elementor-element elementor-element-05e9d0f elementor-widget elementor-widget-heading\" data-id=\"05e9d0f\" data-element_type=\"widget\" data-widget_type=\"heading.default\">\n\t\t\t\t<div class=\"elementor-widget-container\">\n\t\t\t<h2 class=\"elementor-heading-title elementor-size-default\"><a href=\"http:\/\/rugbymajadahonda.com\/web\/equipos\/senior-masculino\/\">Senior Masculino<\/a><\/h2>\t\t<\/div>\n\t\t\t\t<\/div>\n\t\t\t\t<div class=\"elementor-element elementor-element-d40e677 elementor-widget elementor-widget-image\" data-id=\"d40e677\" data-element_type=\"widget\" data-widget_type=\"image.default\">\n\t\t\t\t<div class=\"elementor-widget-container\">\n\t\t\t\t\t\t\t\t\t\t\t\t\t\t\t\t<a href=\"http:\/\/rugbymajadahonda.com\/web\/equipos\/senior-masculino\/\">\n\t\t\t\t\t\t\t<img decoding=\"async\" width=\"938\" height=\"492\" src=\"https:\/\/rugbymajadahonda.com\/web\/wp-content\/uploads\/2022\/01\/masculino.jpg\" class=\"attachment-large size-large wp-image-7914\" alt=\"Senior Masculino 2021\" srcset=\"https:\/\/rugbymajadahonda.com\/web\/wp-content\/uploads\/2022\/01\/masculino.jpg 938w, https:\/\/rugbymajadahonda.com\/web\/wp-content\/uploads\/2022\/01\/masculino-300x157.jpg 300w, https:\/\/rugbymajadahonda.com\/web\/wp-content\/uploads\/2022\/01\/masculino-768x403.jpg 768w, https:\/\/rugbymajadahonda.com\/web\/wp-content\/uploads\/2022\/01\/masculino-600x315.jpg 600w\" sizes=\"(max-width: 938px) 100vw, 938px\" \/>\t\t\t\t\t\t\t\t<\/a>\n\t\t\t\t\t\t\t\t\t\t\t\t\t\t\t<\/div>\n\t\t\t\t<\/div>\n\t\t\t\t\t<\/div>\n\t\t<\/div>\n\t\t\t\t\t\t\t<\/div>\n\t\t<\/section>\n\t\t\t\t<section class=\"elementor-section elementor-inner-section elementor-element elementor-element-ddc650a elementor-section-boxed elementor-section-height-default elementor-section-height-default\" data-id=\"ddc650a\" data-element_type=\"section\">\n\t\t\t\t\t\t<div class=\"elementor-container elementor-column-gap-default\">\n\t\t\t\t\t<div class=\"elementor-column elementor-col-50 elementor-inner-column elementor-element elementor-element-c0fed1b\" data-id=\"c0fed1b\" data-element_type=\"column\">\n\t\t\t<div class=\"elementor-widget-wrap elementor-element-populated\">\n\t\t\t\t\t\t\t\t<div class=\"elementor-element elementor-element-0b1f7a2 elementor-widget elementor-widget-heading\" data-id=\"0b1f7a2\" data-element_type=\"widget\" data-widget_type=\"heading.default\">\n\t\t\t\t<div class=\"elementor-widget-container\">\n\t\t\t<h2 class=\"elementor-heading-title elementor-size-default\">S18<\/h2>\t\t<\/div>\n\t\t\t\t<\/div>\n\t\t\t\t<div class=\"elementor-element elementor-element-2ea373c elementor-widget elementor-widget-image\" data-id=\"2ea373c\" data-element_type=\"widget\" data-widget_type=\"image.default\">\n\t\t\t\t<div class=\"elementor-widget-container\">\n\t\t\t\t\t\t\t\t\t\t\t\t\t\t\t<img decoding=\"async\" width=\"1024\" height=\"558\" src=\"https:\/\/rugbymajadahonda.com\/web\/wp-content\/uploads\/2021\/11\/sub18-1-scaled-1024x558.jpg\" class=\"attachment-large size-large wp-image-7310\" alt=\"Sub 18 Temp. 2021-22\" srcset=\"https:\/\/rugbymajadahonda.com\/web\/wp-content\/uploads\/2021\/11\/sub18-1-scaled-1024x558.jpg 1024w, https:\/\/rugbymajadahonda.com\/web\/wp-content\/uploads\/2021\/11\/sub18-1-scaled-1500x817.jpg 1500w, https:\/\/rugbymajadahonda.com\/web\/wp-content\/uploads\/2021\/11\/sub18-1-scaled-300x163.jpg 300w, https:\/\/rugbymajadahonda.com\/web\/wp-content\/uploads\/2021\/11\/sub18-1-scaled-768x419.jpg 768w, https:\/\/rugbymajadahonda.com\/web\/wp-content\/uploads\/2021\/11\/sub18-1-scaled-1536x837.jpg 1536w, https:\/\/rugbymajadahonda.com\/web\/wp-content\/uploads\/2021\/11\/sub18-1-scaled-2048x1116.jpg 2048w, https:\/\/rugbymajadahonda.com\/web\/wp-content\/uploads\/2021\/11\/sub18-1-scaled-600x327.jpg 600w\" sizes=\"(max-width: 1024px) 100vw, 1024px\" \/>\t\t\t\t\t\t\t\t\t\t\t\t\t\t\t<\/div>\n\t\t\t\t<\/div>\n\t\t\t\t\t<\/div>\n\t\t<\/div>\n\t\t\t\t<div class=\"elementor-column elementor-col-50 elementor-inner-column elementor-element elementor-element-f75331a\" data-id=\"f75331a\" data-element_type=\"column\">\n\t\t\t<div class=\"elementor-widget-wrap elementor-element-populated\">\n\t\t\t\t\t\t\t\t<div class=\"elementor-element elementor-element-5d8d750 elementor-widget elementor-widget-heading\" data-id=\"5d8d750\" data-element_type=\"widget\" data-widget_type=\"heading.default\">\n\t\t\t\t<div class=\"elementor-widget-container\">\n\t\t\t<h2 class=\"elementor-heading-title elementor-size-default\">S17 Femenino<\/h2>\t\t<\/div>\n\t\t\t\t<\/div>\n\t\t\t\t<div class=\"elementor-element elementor-element-23757b1 elementor-widget elementor-widget-image\" data-id=\"23757b1\" data-element_type=\"widget\" data-widget_type=\"image.default\">\n\t\t\t\t<div class=\"elementor-widget-container\">\n\t\t\t\t\t\t\t\t\t\t\t\t\t\t\t<img loading=\"lazy\" decoding=\"async\" width=\"1024\" height=\"768\" src=\"https:\/\/rugbymajadahonda.com\/web\/wp-content\/uploads\/2021\/12\/sub17-1024x768.jpg\" class=\"attachment-large size-large wp-image-7336\" alt=\"\" srcset=\"https:\/\/rugbymajadahonda.com\/web\/wp-content\/uploads\/2021\/12\/sub17-1024x768.jpg 1024w, https:\/\/rugbymajadahonda.com\/web\/wp-content\/uploads\/2021\/12\/sub17-1500x1125.jpg 1500w, https:\/\/rugbymajadahonda.com\/web\/wp-content\/uploads\/2021\/12\/sub17-300x225.jpg 300w, https:\/\/rugbymajadahonda.com\/web\/wp-content\/uploads\/2021\/12\/sub17-768x576.jpg 768w, https:\/\/rugbymajadahonda.com\/web\/wp-content\/uploads\/2021\/12\/sub17-1536x1152.jpg 1536w, https:\/\/rugbymajadahonda.com\/web\/wp-content\/uploads\/2021\/12\/sub17-1933x1450.jpg 1933w, https:\/\/rugbymajadahonda.com\/web\/wp-content\/uploads\/2021\/12\/sub17-600x450.jpg 600w, https:\/\/rugbymajadahonda.com\/web\/wp-content\/uploads\/2021\/12\/sub17.jpg 2048w\" sizes=\"(max-width: 1024px) 100vw, 1024px\" \/>\t\t\t\t\t\t\t\t\t\t\t\t\t\t\t<\/div>\n\t\t\t\t<\/div>\n\t\t\t\t\t<\/div>\n\t\t<\/div>\n\t\t\t\t\t\t\t<\/div>\n\t\t<\/section>\n\t\t\t\t\t<\/div>\n\t\t<\/div>\n\t\t\t\t\t\t\t<\/div>\n\t\t<\/section>\n\t\t\t\t<section class=\"elementor-section elementor-top-section elementor-element elementor-element-4c20a4d elementor-section-boxed elementor-section-height-default elementor-section-height-default\" data-id=\"4c20a4d\" data-element_type=\"section\">\n\t\t\t\t\t\t<div class=\"elementor-container elementor-column-gap-default\">\n\t\t\t\t\t<div class=\"elementor-column elementor-col-100 elementor-top-column elementor-element elementor-element-e2f535f\" data-id=\"e2f535f\" data-element_type=\"column\">\n\t\t\t<div class=\"elementor-widget-wrap elementor-element-populated\">\n\t\t\t\t\t\t\t\t<div class=\"elementor-element elementor-element-591b7ba elementor-widget elementor-widget-spacer\" data-id=\"591b7ba\" data-element_type=\"widget\" data-widget_type=\"spacer.default\">\n\t\t\t\t<div class=\"elementor-widget-container\">\n\t\t\t\t\t<div class=\"elementor-spacer\">\n\t\t\t<div class=\"elementor-spacer-inner\"><\/div>\n\t\t<\/div>\n\t\t\t\t<\/div>\n\t\t\t\t<\/div>\n\t\t\t\t<div class=\"elementor-element elementor-element-e149b32 elementor-widget elementor-widget-image\" data-id=\"e149b32\" data-element_type=\"widget\" data-widget_type=\"image.default\">\n\t\t\t\t<div class=\"elementor-widget-container\">\n\t\t\t\t\t\t\t\t\t\t\t\t\t\t\t<img loading=\"lazy\" decoding=\"async\" width=\"300\" height=\"68\" src=\"https:\/\/rugbymajadahonda.com\/web\/wp-content\/uploads\/2021\/02\/LOGO-RUGBY-MAJADAHONDA-bicolor-300x68.png\" class=\"attachment-medium size-medium wp-image-4335\" alt=\"\" srcset=\"https:\/\/rugbymajadahonda.com\/web\/wp-content\/uploads\/2021\/02\/LOGO-RUGBY-MAJADAHONDA-bicolor-300x68.png 300w, https:\/\/rugbymajadahonda.com\/web\/wp-content\/uploads\/2021\/02\/LOGO-RUGBY-MAJADAHONDA-bicolor-1500x342.png 1500w, https:\/\/rugbymajadahonda.com\/web\/wp-content\/uploads\/2021\/02\/LOGO-RUGBY-MAJADAHONDA-bicolor-768x175.png 768w, https:\/\/rugbymajadahonda.com\/web\/wp-content\/uploads\/2021\/02\/LOGO-RUGBY-MAJADAHONDA-bicolor-1024x234.png 1024w, https:\/\/rugbymajadahonda.com\/web\/wp-content\/uploads\/2021\/02\/LOGO-RUGBY-MAJADAHONDA-bicolor-1536x350.png 1536w, https:\/\/rugbymajadahonda.com\/web\/wp-content\/uploads\/2021\/02\/LOGO-RUGBY-MAJADAHONDA-bicolor-600x137.png 600w, https:\/\/rugbymajadahonda.com\/web\/wp-content\/uploads\/2021\/02\/LOGO-RUGBY-MAJADAHONDA-bicolor.png 1911w\" sizes=\"(max-width: 300px) 100vw, 300px\" \/>\t\t\t\t\t\t\t\t\t\t\t\t\t\t\t<\/div>\n\t\t\t\t<\/div>\n\t\t\t\t\t<\/div>\n\t\t<\/div>\n\t\t\t\t\t\t\t<\/div>\n\t\t<\/section>\n\t\t\t\t\t\t\t<\/div>\n\t\t","protected":false},"excerpt":{"rendered":"<p>Senior Femenino Senior Masculino S18 S17 Femenino<\/p>\n","protected":false},"author":1,"featured_media":9344,"parent":0,"menu_order":1,"comment_status":"closed","ping_status":"closed","template":"template-parts\/template-full-width.php","meta":{"cybocfi_hide_featured_image":"","footnotes":""},"class_list":["post-30","page","type-page","status-publish","has-post-thumbnail","hentry"],"jetpack-related-posts":[{"id":1776,"url":"https:\/\/rugbymajadahonda.com\/web\/equipos\/senior-masculino\/","url_meta":{"origin":30,"position":0},"title":"Senior Masculino","author":"admin","date":"11 abril, 2019","format":false,"excerpt":"Divisi\u00f3n de Honor B Segunda Regional Grupo A Divisi\u00f3n de Honor B Segunda Regional Grupo A","rel":"","context":"Entrada similar","block_context":{"text":"Entrada similar","link":""},"img":{"alt_text":"","src":"https:\/\/i0.wp.com\/rugbymajadahonda.com\/web\/wp-content\/uploads\/2021\/02\/LOGO-RUGBY-MAJADAHONDA-bicolor-300x68.png?resize=350%2C200&ssl=1","width":350,"height":200},"classes":[]},{"id":32,"url":"https:\/\/rugbymajadahonda.com\/web\/equipos\/senior-femenino\/","url_meta":{"origin":30,"position":1},"title":"Senior Femenino","author":"admin","date":"25 julio, 2017","format":false,"excerpt":"Copa RFER Liga Iberdrola Primera Regional Copa RFER Liga Iberdrola Primera Regional","rel":"","context":"Entrada similar","block_context":{"text":"Entrada similar","link":""},"img":{"alt_text":"","src":"https:\/\/i0.wp.com\/rugbymajadahonda.com\/web\/wp-content\/uploads\/2021\/02\/LOGO-RUGBY-MAJADAHONDA-bicolor-300x68.png?resize=350%2C200&ssl=1","width":350,"height":200},"classes":[]},{"id":42,"url":"https:\/\/rugbymajadahonda.com\/web\/equipos\/senior-femenino\/liga-iberdrola-de-rugby\/","url_meta":{"origin":30,"position":2},"title":"Liga iberdrola","author":"admin","date":"25 julio, 2017","format":false,"excerpt":"TEMPORADA 2020\/2021 CLASIFICACI\u00d3N CALENDARIO","rel":"","context":"Entrada similar","block_context":{"text":"Entrada similar","link":""},"img":{"alt_text":"","src":"https:\/\/i0.wp.com\/rugbymajadahonda.com\/web\/wp-content\/uploads\/2017\/10\/LOGO_RUGBY_REDONDO_COLOR_-01-150x150.png?resize=350%2C200","width":350,"height":200},"classes":[]},{"id":28,"url":"https:\/\/rugbymajadahonda.com\/web\/club\/palmares\/","url_meta":{"origin":30,"position":3},"title":"Palmar\u00e9s","author":"admin","date":"25 julio, 2017","format":false,"excerpt":"Senior Femenino Campeonato de Espa\u00f1a 1993 y 1994 Campeonato de Espa\u00f1a 1995 y 1997 Copa de la Reina XV 1998, 1999 y 2000 Divisi\u00f3n de Honor Femenina 2023 Divisi\u00f3n de Honor Femenina 2016 y 2018, 2021 y 2022 Divisi\u00f3n de Honor Femenina 2011, 2017, 2019 y 2020 Seven Nacional. GPS\u2026","rel":"","context":"Entrada similar","block_context":{"text":"Entrada similar","link":""},"img":{"alt_text":"","src":"https:\/\/i0.wp.com\/rugbymajadahonda.com\/web\/wp-content\/uploads\/2021\/02\/LOGO-RUGBY-MAJADAHONDA-bicolor-300x68.png?resize=350%2C200&ssl=1","width":350,"height":200},"classes":[]},{"id":26,"url":"https:\/\/rugbymajadahonda.com\/web\/club\/estructura\/","url_meta":{"origin":30,"position":4},"title":"Estructura","author":"admin","date":"25 julio, 2017","format":false,"excerpt":"ESTRUCTURA DIRECTIVA \u00a0 PRESIDENTE Ignacio Nieto VICEPRESIDENTE Cristina Cueto SECRETARIA Lu\u00eds L\u00e1zaro TESORERA Ignacio Miranda VOCALES Paula H. de LucasMariola Arraiza DIRECCI\u00d3N DEPORTIVA SENIOR FEMENINOHead Coach: Xabier Rodr\u00edguezEntrenadores\u00a0: Emmanuel Avaca, Mariana Marxuach y Blanca Dom\u00ednguezDelegado: \u00c1lvaro Rom\u00f3n\u00a0SENIOR MASCULINOHead Coachs: Jos\u00e9 A. CabanasEntrenadores\u00a0: Gaizka Mart\u00edn, Juan Manuel Palero\u00a0\u00a0Delegada: Mar\u00eda Padilla\u00a0DIRECCI\u00d3N T\u00c9CNICA\u00a0Alba\u2026","rel":"","context":"Entrada similar","block_context":{"text":"Entrada similar","link":""},"img":{"alt_text":"","src":"https:\/\/i0.wp.com\/rugbymajadahonda.com\/web\/wp-content\/uploads\/2022\/08\/IMG_8185-scaled.jpg?resize=350%2C200&ssl=1","width":350,"height":200,"srcset":"https:\/\/i0.wp.com\/rugbymajadahonda.com\/web\/wp-content\/uploads\/2022\/08\/IMG_8185-scaled.jpg?resize=350%2C200&ssl=1 1x, https:\/\/i0.wp.com\/rugbymajadahonda.com\/web\/wp-content\/uploads\/2022\/08\/IMG_8185-scaled.jpg?resize=525%2C300&ssl=1 1.5x, https:\/\/i0.wp.com\/rugbymajadahonda.com\/web\/wp-content\/uploads\/2022\/08\/IMG_8185-scaled.jpg?resize=700%2C400&ssl=1 2x, https:\/\/i0.wp.com\/rugbymajadahonda.com\/web\/wp-content\/uploads\/2022\/08\/IMG_8185-scaled.jpg?resize=1050%2C600&ssl=1 3x, https:\/\/i0.wp.com\/rugbymajadahonda.com\/web\/wp-content\/uploads\/2022\/08\/IMG_8185-scaled.jpg?resize=1400%2C800&ssl=1 4x"},"classes":[]},{"id":137,"url":"https:\/\/rugbymajadahonda.com\/web\/unete-a-nosotros\/jugadores-2-2\/","url_meta":{"origin":30,"position":5},"title":"Jugadores-2","author":"admin","date":"25 julio, 2017","format":false,"excerpt":"AC\u00c9RCATE Y JUEGA CON NOSOTROS\u00a0Si por algo nos gusta caracterizarnos en el. rugby es por dar cabida a todo el mundo. Da igual si eres alto o bajo, fuerte o delgado, r\u00e1pido o lento. No nos importa si has jugado antes o no has hecho nunca deporte.Si deseas empezar en\u2026","rel":"","context":"Entrada similar","block_context":{"text":"Entrada similar","link":""},"img":{"alt_text":"","src":"https:\/\/i0.wp.com\/rugbymajadahonda.com\/web\/wp-content\/uploads\/2021\/02\/LOGO-RUGBY-MAJADAHONDA-bicolor-300x68.png?resize=350%2C200&ssl=1","width":350,"height":200},"classes":[]}],"jetpack_sharing_enabled":true,"_links":{"self":[{"href":"https:\/\/rugbymajadahonda.com\/web\/wp-json\/wp\/v2\/pages\/30","targetHints":{"allow":["GET"]}}],"collection":[{"href":"https:\/\/rugbymajadahonda.com\/web\/wp-json\/wp\/v2\/pages"}],"about":[{"href":"https:\/\/rugbymajadahonda.com\/web\/wp-json\/wp\/v2\/types\/page"}],"author":[{"embeddable":true,"href":"https:\/\/rugbymajadahonda.com\/web\/wp-json\/wp\/v2\/users\/1"}],"replies":[{"embeddable":true,"href":"https:\/\/rugbymajadahonda.com\/web\/wp-json\/wp\/v2\/comments?post=30"}],"version-history":[{"count":26,"href":"https:\/\/rugbymajadahonda.com\/web\/wp-json\/wp\/v2\/pages\/30\/revisions"}],"predecessor-version":[{"id":9345,"href":"https:\/\/rugbymajadahonda.com\/web\/wp-json\/wp\/v2\/pages\/30\/revisions\/9345"}],"wp:featuredmedia":[{"embeddable":true,"href":"https:\/\/rugbymajadahonda.com\/web\/wp-json\/wp\/v2\/media\/9344"}],"wp:attachment":[{"href":"https:\/\/rugbymajadahonda.com\/web\/wp-json\/wp\/v2\/media?parent=30"}],"curies":[{"name":"wp","href":"https:\/\/api.w.org\/{rel}","templated":true}]}}