{"id":42,"date":"2017-07-25T14:20:50","date_gmt":"2017-07-25T14:20:50","guid":{"rendered":"http:\/\/rugbymajadahonda.com\/web\/?page_id=42"},"modified":"2022-08-29T11:05:40","modified_gmt":"2022-08-29T11:05:40","slug":"liga-iberdrola-de-rugby","status":"publish","type":"page","link":"https:\/\/rugbymajadahonda.com\/web\/equipos\/senior-femenino\/liga-iberdrola-de-rugby\/","title":{"rendered":"Liga iberdrola"},"content":{"rendered":"<h1><img decoding=\"async\" class=\"wp-image-403 size-thumbnail aligncenter\" src=\"http:\/\/rugbymajadahonda.com\/web\/wp-content\/uploads\/2017\/10\/LOGO_RUGBY_REDONDO_COLOR_-01-150x150.png\" alt=\"\" width=\"150\" height=\"150\" srcset=\"https:\/\/rugbymajadahonda.com\/web\/wp-content\/uploads\/2017\/10\/LOGO_RUGBY_REDONDO_COLOR_-01-150x150.png 150w, https:\/\/rugbymajadahonda.com\/web\/wp-content\/uploads\/2017\/10\/LOGO_RUGBY_REDONDO_COLOR_-01-300x300.png 300w, https:\/\/rugbymajadahonda.com\/web\/wp-content\/uploads\/2017\/10\/LOGO_RUGBY_REDONDO_COLOR_-01-100x100.png 100w, https:\/\/rugbymajadahonda.com\/web\/wp-content\/uploads\/2017\/10\/LOGO_RUGBY_REDONDO_COLOR_-01-600x600.png 600w, https:\/\/rugbymajadahonda.com\/web\/wp-content\/uploads\/2017\/10\/LOGO_RUGBY_REDONDO_COLOR_-01-768x768.png 768w, https:\/\/rugbymajadahonda.com\/web\/wp-content\/uploads\/2017\/10\/LOGO_RUGBY_REDONDO_COLOR_-01-1024x1024.png 1024w, https:\/\/rugbymajadahonda.com\/web\/wp-content\/uploads\/2017\/10\/LOGO_RUGBY_REDONDO_COLOR_-01.png 1181w\" sizes=\"(max-width: 150px) 100vw, 150px\" \/><\/h1>\n<h1 style=\"text-align: center;\">TEMPORADA 2020\/2021<\/h1>\n<h1><\/h1>\n<h1><\/h1>\n<h1 style=\"text-align: center;\"><\/h1>\n<h1><img decoding=\"async\" class=\"alignleft wp-image-1172\" src=\"http:\/\/rugbymajadahonda.com\/web\/wp-content\/uploads\/2018\/08\/clasificacion-150x150.png\" alt=\"\" width=\"75\" height=\"50\" \/>CLASIFICACI\u00d3N<\/h1>\n<p><iframe src=\"http:\/\/ferugby.habitualdata.com\/FerClasificacion.aspx?cat=DHF\" name=\"centro\" width=\"1000\" height=\"970\" frameborder=\"0\" scrolling=\"yes\"><\/iframe><\/p>\n<h1><img decoding=\"async\" class=\"alignleft wp-image-1163\" src=\"http:\/\/rugbymajadahonda.com\/web\/wp-content\/uploads\/2018\/08\/calendar-150x150.png\" alt=\"\" width=\"50\" height=\"50\" \/><\/h1>\n<h1>CALENDARIO<\/h1>\n<p><iframe src=\"http:\/\/ferugby.habitualdata.com\/FerCalendario.aspx?cat=DHF\" name=\"centro\" width=\"1000\" height=\"750\" frameborder=\"0\" scrolling=\"yes\"><\/iframe><\/p>\n","protected":false},"excerpt":{"rendered":"<p>TEMPORADA 2020\/2021 CLASIFICACI\u00d3N CALENDARIO<\/p>\n","protected":false},"author":1,"featured_media":0,"parent":32,"menu_order":1,"comment_status":"closed","ping_status":"closed","template":"","meta":{"cybocfi_hide_featured_image":"","footnotes":""},"class_list":["post-42","page","type-page","status-publish","hentry"],"jetpack-related-posts":[{"id":7215,"url":"https:\/\/rugbymajadahonda.com\/web\/equipos\/academia\/s18\/","url_meta":{"origin":42,"position":0},"title":"S18","author":"admin","date":"28 noviembre, 2021","format":false,"excerpt":"S18 \u2013 2\u00aa DIVISI\u00d3N \u2013 CALENDARIO S18 \u2013 2\u00aa DIVISI\u00d3N \u2013 CLASIFICACI\u00d3N S18 \u2013 2\u00aa DIVISI\u00d3N \u2013 CALENDARIO S18 \u2013 2\u00aa DIVISI\u00d3N \u2013 CLASIFICACI\u00d3N","rel":"","context":"Entrada similar","block_context":{"text":"Entrada similar","link":""},"img":{"alt_text":"Sub 18 Temp. 2021-22","src":"https:\/\/i0.wp.com\/rugbymajadahonda.com\/web\/wp-content\/uploads\/2021\/11\/sub18-1-scaled-1024x558.jpg?resize=350%2C200&ssl=1","width":350,"height":200,"srcset":"https:\/\/i0.wp.com\/rugbymajadahonda.com\/web\/wp-content\/uploads\/2021\/11\/sub18-1-scaled-1024x558.jpg?resize=350%2C200&ssl=1 1x, https:\/\/i0.wp.com\/rugbymajadahonda.com\/web\/wp-content\/uploads\/2021\/11\/sub18-1-scaled-1024x558.jpg?resize=525%2C300&ssl=1 1.5x, https:\/\/i0.wp.com\/rugbymajadahonda.com\/web\/wp-content\/uploads\/2021\/11\/sub18-1-scaled-1024x558.jpg?resize=700%2C400&ssl=1 2x"},"classes":[]},{"id":7226,"url":"https:\/\/rugbymajadahonda.com\/web\/equipos\/academia\/s14\/","url_meta":{"origin":42,"position":1},"title":"S14","author":"admin","date":"29 noviembre, 2021","format":false,"excerpt":"SUB 14 \u2013 2\u00aa DIVISI\u00d3N \u2013 CALENDARIO SUB 14 \u2013 2\u00aa DIVISI\u00d3N \u2013 CLASIFICACI\u00d3N SUB 14 \u2013 Desarrollo \u2013 CALENDARIO SUB 14 \u2013 2\u00aa DIVISI\u00d3N \u2013 CALENDARIO SUB 14 \u2013 2\u00aa DIVISI\u00d3N \u2013 CLASIFICACI\u00d3N SUB 14 \u2013 Desarrollo \u2013 CALENDARIO","rel":"","context":"Entrada similar","block_context":{"text":"Entrada similar","link":""},"img":{"alt_text":"","src":"https:\/\/i0.wp.com\/rugbymajadahonda.com\/web\/wp-content\/uploads\/2021\/11\/Sub14-1024x537.jpg?resize=350%2C200","width":350,"height":200,"srcset":"https:\/\/i0.wp.com\/rugbymajadahonda.com\/web\/wp-content\/uploads\/2021\/11\/Sub14-1024x537.jpg?resize=350%2C200 1x, https:\/\/i0.wp.com\/rugbymajadahonda.com\/web\/wp-content\/uploads\/2021\/11\/Sub14-1024x537.jpg?resize=525%2C300 1.5x, https:\/\/i0.wp.com\/rugbymajadahonda.com\/web\/wp-content\/uploads\/2021\/11\/Sub14-1024x537.jpg?resize=700%2C400 2x"},"classes":[]},{"id":7184,"url":"https:\/\/rugbymajadahonda.com\/web\/equipos\/academia\/s16\/","url_meta":{"origin":42,"position":2},"title":"S16","author":"admin","date":"28 noviembre, 2021","format":false,"excerpt":"S16 \u2013 2\u00aa DIVISI\u00d3N \u2013 CALENDARIO S16 \u2013 2\u00aa DIVISI\u00d3N \u2013 CLASIFICACI\u00d3N S16 \u2013 2\u00aa DIVISI\u00d3N \u2013 CALENDARIO S16 \u2013 2\u00aa DIVISI\u00d3N \u2013 CLASIFICACI\u00d3N","rel":"","context":"Entrada similar","block_context":{"text":"Entrada similar","link":""},"img":{"alt_text":"","src":"https:\/\/i0.wp.com\/rugbymajadahonda.com\/web\/wp-content\/uploads\/2021\/11\/Sub18.jpg?resize=350%2C200&ssl=1","width":350,"height":200,"srcset":"https:\/\/i0.wp.com\/rugbymajadahonda.com\/web\/wp-content\/uploads\/2021\/11\/Sub18.jpg?resize=350%2C200&ssl=1 1x, https:\/\/i0.wp.com\/rugbymajadahonda.com\/web\/wp-content\/uploads\/2021\/11\/Sub18.jpg?resize=525%2C300&ssl=1 1.5x, https:\/\/i0.wp.com\/rugbymajadahonda.com\/web\/wp-content\/uploads\/2021\/11\/Sub18.jpg?resize=700%2C400&ssl=1 2x"},"classes":[]},{"id":32,"url":"https:\/\/rugbymajadahonda.com\/web\/equipos\/senior-femenino\/","url_meta":{"origin":42,"position":3},"title":"Senior Femenino","author":"admin","date":"25 julio, 2017","format":false,"excerpt":"Copa RFER Liga Iberdrola Primera Regional Copa RFER Liga Iberdrola Primera Regional","rel":"","context":"Entrada similar","block_context":{"text":"Entrada similar","link":""},"img":{"alt_text":"","src":"https:\/\/i0.wp.com\/rugbymajadahonda.com\/web\/wp-content\/uploads\/2021\/02\/LOGO-RUGBY-MAJADAHONDA-bicolor-300x68.png?resize=350%2C200&ssl=1","width":350,"height":200},"classes":[]},{"id":28,"url":"https:\/\/rugbymajadahonda.com\/web\/club\/palmares\/","url_meta":{"origin":42,"position":4},"title":"Palmar\u00e9s","author":"admin","date":"25 julio, 2017","format":false,"excerpt":"Senior Femenino Campeonato de Espa\u00f1a 1993 y 1994 Campeonato de Espa\u00f1a 1995 y 1997 Copa de la Reina XV 1998, 1999 y 2000 Divisi\u00f3n de Honor Femenina 2023 Divisi\u00f3n de Honor Femenina 2016 y 2018, 2021 y 2022 Divisi\u00f3n de Honor Femenina 2011, 2017, 2019 y 2020 Seven Nacional. GPS\u2026","rel":"","context":"Entrada similar","block_context":{"text":"Entrada similar","link":""},"img":{"alt_text":"","src":"https:\/\/i0.wp.com\/rugbymajadahonda.com\/web\/wp-content\/uploads\/2021\/02\/LOGO-RUGBY-MAJADAHONDA-bicolor-300x68.png?resize=350%2C200&ssl=1","width":350,"height":200},"classes":[]},{"id":24,"url":"https:\/\/rugbymajadahonda.com\/web\/club\/historia\/","url_meta":{"origin":42,"position":5},"title":"Historia","author":"admin","date":"25 julio, 2017","format":false,"excerpt":"HISTORIA Los inicios Todo comenz\u00f3 con un grupo de amigos que se reun\u00edan para jugar al rugby en el c\u00e9sped de una\u00a0urbanizaci\u00f3n majariega, Las Huertas. Alberto Pellicer \u201cPelli\u201d, Fernando Eulate. Javier Tortol \u201cTito\u201d y Gifu\u00a0formaron el embri\u00f3n del club.Aunque en un principio jugaron con camisetas prestadas, consiguieron gracias al mecenazgo\u2026","rel":"","context":"Entrada similar","block_context":{"text":"Entrada similar","link":""},"img":{"alt_text":"","src":"https:\/\/i0.wp.com\/rugbymajadahonda.com\/web\/wp-content\/uploads\/2022\/08\/IMG_8222-scaled.jpg?resize=350%2C200&ssl=1","width":350,"height":200,"srcset":"https:\/\/i0.wp.com\/rugbymajadahonda.com\/web\/wp-content\/uploads\/2022\/08\/IMG_8222-scaled.jpg?resize=350%2C200&ssl=1 1x, https:\/\/i0.wp.com\/rugbymajadahonda.com\/web\/wp-content\/uploads\/2022\/08\/IMG_8222-scaled.jpg?resize=525%2C300&ssl=1 1.5x, https:\/\/i0.wp.com\/rugbymajadahonda.com\/web\/wp-content\/uploads\/2022\/08\/IMG_8222-scaled.jpg?resize=700%2C400&ssl=1 2x, https:\/\/i0.wp.com\/rugbymajadahonda.com\/web\/wp-content\/uploads\/2022\/08\/IMG_8222-scaled.jpg?resize=1050%2C600&ssl=1 3x, https:\/\/i0.wp.com\/rugbymajadahonda.com\/web\/wp-content\/uploads\/2022\/08\/IMG_8222-scaled.jpg?resize=1400%2C800&ssl=1 4x"},"classes":[]}],"jetpack_sharing_enabled":true,"_links":{"self":[{"href":"https:\/\/rugbymajadahonda.com\/web\/wp-json\/wp\/v2\/pages\/42","targetHints":{"allow":["GET"]}}],"collection":[{"href":"https:\/\/rugbymajadahonda.com\/web\/wp-json\/wp\/v2\/pages"}],"about":[{"href":"https:\/\/rugbymajadahonda.com\/web\/wp-json\/wp\/v2\/types\/page"}],"author":[{"embeddable":true,"href":"https:\/\/rugbymajadahonda.com\/web\/wp-json\/wp\/v2\/users\/1"}],"replies":[{"embeddable":true,"href":"https:\/\/rugbymajadahonda.com\/web\/wp-json\/wp\/v2\/comments?post=42"}],"version-history":[{"count":36,"href":"https:\/\/rugbymajadahonda.com\/web\/wp-json\/wp\/v2\/pages\/42\/revisions"}],"predecessor-version":[{"id":9256,"href":"https:\/\/rugbymajadahonda.com\/web\/wp-json\/wp\/v2\/pages\/42\/revisions\/9256"}],"up":[{"embeddable":true,"href":"https:\/\/rugbymajadahonda.com\/web\/wp-json\/wp\/v2\/pages\/32"}],"wp:attachment":[{"href":"https:\/\/rugbymajadahonda.com\/web\/wp-json\/wp\/v2\/media?parent=42"}],"curies":[{"name":"wp","href":"https:\/\/api.w.org\/{rel}","templated":true}]}}