{"id":9943,"date":"2022-11-18T12:47:32","date_gmt":"2022-11-18T12:47:32","guid":{"rendered":"https:\/\/rugbymajadahonda.com\/web\/pagina-de-inicio\/"},"modified":"2022-11-18T12:47:34","modified_gmt":"2022-11-18T12:47:34","slug":"pagina-de-inicio","status":"publish","type":"page","link":"https:\/\/rugbymajadahonda.com\/web\/","title":{"rendered":"P\u00e1gina de inicio"},"content":{"rendered":"\n\t\t\t<div class=\"wp-block-cover\" style=\"background-image:url(https:\/\/rugbymajadahonda.com\/web\/wp-content\/uploads\/2022\/11\/other-small.jpg)\"><div class=\"wp-block-cover__inner-container is-layout-flow wp-block-cover-is-layout-flow\">\n\t\t\t<p class=\"has-text-align-center has-large-font-size\">Bienvenido a la tienda<\/p>\n\t\t\t\n\n\t\t\t\n\t\t\t<p class=\"has-text-color has-text-align-center\">Escribe aqu\u00ed un mensaje corto de bienvenida<\/p>\n\t\t\t\n\n\t\t\t\n\t\t\t<div class=\"wp-block-buttons is-content-justification-center is-layout-flex wp-container-core-buttons-is-layout-16018d1d wp-block-buttons-is-layout-flex\">\n\t\t\t<div class=\"wp-block-button\"><a class=\"wp-block-button__link\" href=\"https:\/\/rugbymajadahonda.com\/web\/tienda\/\">Ir de compras<\/a><\/div>\n\t\t\t<\/div>\n\t\t\t<\/div><\/div>\n\t\t\t\n\t\t\t\t\n\t\t\t\t<h2 class=\"wp-block-heading\" style=\"text-align:center\">Comprar por categor\u00eda<\/h2>\n\t\t\t\t\n\t\t\t\t<p>\t\t\t\t[product_categories number=\u00bb0&#8243; parent=\u00bb0&#8243;]<\/p>\n\n\t\t\t\t\n\t\t\t\t<h2 class=\"wp-block-heading\" style=\"text-align:center\">Nuevo en<\/h2>\n\t\t\t\t\n\t\t\t\t\n\t\t\t\t\n\t\t\t\t<h2 class=\"wp-block-heading\" style=\"text-align:center\">Favoritos de los fans<\/h2>\n\t\t\t\t\n\t\t\t\t\n\t\t\t\t\n\t\t\t\t<h2 class=\"wp-block-heading\" style=\"text-align:center\">Rebajado<\/h2>\n\t\t\t\t\n\t\t\t\t\n\t\t\t\t\n\t\t\t\t<h2 class=\"wp-block-heading\" style=\"text-align:center\">Los m\u00e1s vendidos<\/h2>\n\t\t\t\t\n\t\t\t\t\n\t\t\t","protected":false},"excerpt":{"rendered":"<p>Comprar por categor\u00eda Nuevo en Favoritos de los fans Rebajado Los m\u00e1s vendidos<\/p>\n","protected":false},"author":1,"featured_media":0,"parent":0,"menu_order":0,"comment_status":"closed","ping_status":"closed","template":"","meta":{"cybocfi_hide_featured_image":"","footnotes":""},"class_list":["post-9943","page","type-page","status-publish","hentry"],"jetpack-related-posts":[{"id":10939,"url":"https:\/\/rugbymajadahonda.com\/web\/unete-a-nosotros\/jugadores\/","url_meta":{"origin":9943,"position":0},"title":"Jugadores","author":"admin","date":"30 agosto, 2023","format":false,"excerpt":"AC\u00c9RCATE Y JUEGA CON NOSOTROS\u00a0Si por algo nos gusta caracterizarnos en el. rugby es por dar cabida a todo el mundo. Da igual si eres alto o bajo, fuerte o delgado, r\u00e1pido o lento. No nos importa si has jugado antes o no has hecho nunca deporte.Si deseas empezar en\u2026","rel":"","context":"Entrada similar","block_context":{"text":"Entrada similar","link":""},"img":{"alt_text":"","src":"https:\/\/i0.wp.com\/rugbymajadahonda.com\/web\/wp-content\/uploads\/2021\/02\/LOGO-RUGBY-MAJADAHONDA-bicolor-300x68.png?resize=350%2C200&ssl=1","width":350,"height":200},"classes":[]},{"id":137,"url":"https:\/\/rugbymajadahonda.com\/web\/unete-a-nosotros\/jugadores-2-2\/","url_meta":{"origin":9943,"position":1},"title":"Jugadores-2","author":"admin","date":"25 julio, 2017","format":false,"excerpt":"AC\u00c9RCATE Y JUEGA CON NOSOTROS\u00a0Si por algo nos gusta caracterizarnos en el. rugby es por dar cabida a todo el mundo. Da igual si eres alto o bajo, fuerte o delgado, r\u00e1pido o lento. No nos importa si has jugado antes o no has hecho nunca deporte.Si deseas empezar en\u2026","rel":"","context":"Entrada similar","block_context":{"text":"Entrada similar","link":""},"img":{"alt_text":"","src":"https:\/\/i0.wp.com\/rugbymajadahonda.com\/web\/wp-content\/uploads\/2021\/02\/LOGO-RUGBY-MAJADAHONDA-bicolor-300x68.png?resize=350%2C200&ssl=1","width":350,"height":200},"classes":[]},{"id":6014,"url":"https:\/\/rugbymajadahonda.com\/web\/contacto\/pagos-online\/","url_meta":{"origin":9943,"position":2},"title":"Pagos Online","author":"admin","date":"9 agosto, 2021","format":false,"excerpt":"Condiciones de pagos online\u00a0Datos Fiscales del Titular:Club de Rugby Majadahonda (Inscrito en el registro oficial de Asociaciones Deportivas de la Comunidad de Madrid)C.I.F G80218886Domicilio: Campo de Rugby Valle del ArcipresteAvenida de Guadarrama, 2128220 Majadahonda (MADRID)SPAINM\u00e9todos de Pago aceptados para las inscripciones:Para pagos online se aceptan los pagos con tarjeta VISA\u2026","rel":"","context":"Entrada similar","block_context":{"text":"Entrada similar","link":""},"img":{"alt_text":"","src":"","width":0,"height":0},"classes":[]},{"id":139,"url":"https:\/\/rugbymajadahonda.com\/web\/unete-a-nosotros\/socios\/","url_meta":{"origin":9943,"position":3},"title":"Socios","author":"admin","date":"25 julio, 2017","format":false,"excerpt":"BENEFICIOS Y VENTAJASSer socio del Club de Rugby Majadahonda es mucho m\u00e1s que apoyar a un club. Es ayudar en el proyecto de crecimiento de un proyecto deportivo y social.Adem\u00e1s, ser socio del Club de Rugby Majadahonda tiene ventajas exclusivas. Voz y voto en Asambleas No te quedes solo mirando.\u2026","rel":"","context":"Entrada similar","block_context":{"text":"Entrada similar","link":""},"img":{"alt_text":"","src":"https:\/\/i0.wp.com\/rugbymajadahonda.com\/web\/wp-content\/uploads\/2018\/08\/socios-1-1024x205.jpg?resize=350%2C200","width":350,"height":200,"srcset":"https:\/\/i0.wp.com\/rugbymajadahonda.com\/web\/wp-content\/uploads\/2018\/08\/socios-1-1024x205.jpg?resize=350%2C200 1x, https:\/\/i0.wp.com\/rugbymajadahonda.com\/web\/wp-content\/uploads\/2018\/08\/socios-1-1024x205.jpg?resize=525%2C300 1.5x, https:\/\/i0.wp.com\/rugbymajadahonda.com\/web\/wp-content\/uploads\/2018\/08\/socios-1-1024x205.jpg?resize=700%2C400 2x"},"classes":[]},{"id":24,"url":"https:\/\/rugbymajadahonda.com\/web\/club\/historia\/","url_meta":{"origin":9943,"position":4},"title":"Historia","author":"admin","date":"25 julio, 2017","format":false,"excerpt":"HISTORIA Los inicios Todo comenz\u00f3 con un grupo de amigos que se reun\u00edan para jugar al rugby en el c\u00e9sped de una\u00a0urbanizaci\u00f3n majariega, Las Huertas. Alberto Pellicer \u201cPelli\u201d, Fernando Eulate. Javier Tortol \u201cTito\u201d y Gifu\u00a0formaron el embri\u00f3n del club.Aunque en un principio jugaron con camisetas prestadas, consiguieron gracias al mecenazgo\u2026","rel":"","context":"Entrada similar","block_context":{"text":"Entrada similar","link":""},"img":{"alt_text":"","src":"https:\/\/i0.wp.com\/rugbymajadahonda.com\/web\/wp-content\/uploads\/2022\/08\/IMG_8222-scaled.jpg?resize=350%2C200&ssl=1","width":350,"height":200,"srcset":"https:\/\/i0.wp.com\/rugbymajadahonda.com\/web\/wp-content\/uploads\/2022\/08\/IMG_8222-scaled.jpg?resize=350%2C200&ssl=1 1x, https:\/\/i0.wp.com\/rugbymajadahonda.com\/web\/wp-content\/uploads\/2022\/08\/IMG_8222-scaled.jpg?resize=525%2C300&ssl=1 1.5x, https:\/\/i0.wp.com\/rugbymajadahonda.com\/web\/wp-content\/uploads\/2022\/08\/IMG_8222-scaled.jpg?resize=700%2C400&ssl=1 2x, https:\/\/i0.wp.com\/rugbymajadahonda.com\/web\/wp-content\/uploads\/2022\/08\/IMG_8222-scaled.jpg?resize=1050%2C600&ssl=1 3x, https:\/\/i0.wp.com\/rugbymajadahonda.com\/web\/wp-content\/uploads\/2022\/08\/IMG_8222-scaled.jpg?resize=1400%2C800&ssl=1 4x"},"classes":[]},{"id":10473,"url":"https:\/\/rugbymajadahonda.com\/web\/rsc-rugby-majadahonda\/","url_meta":{"origin":9943,"position":5},"title":"El motor que nos mueve","author":"admin","date":"9 abril, 2023","format":false,"excerpt":"EL MOTOR QUE NOS MUEVE EDUCACI\u00d3N EN EL DEPORTE MEDIO AMBIENTE IGUALDAD Y REDUCCI\u00d3N DE DESIGUALDADES SALUD Y BIENESTAR ALIANZA PARA LOGRAR LOS OBJETIVOS EDUCACI\u00d3N EN EL DEPORTE En el Club de Rugby Majadahonda trabajamos para conseguir la mejor versi\u00f3n de los ni\u00f1os y ni\u00f1as de nuestra escuela, no solo\u2026","rel":"","context":"Entrada similar","block_context":{"text":"Entrada similar","link":""},"img":{"alt_text":"","src":"https:\/\/i0.wp.com\/rugbymajadahonda.com\/web\/wp-content\/uploads\/2021\/02\/LOGO-RUGBY-MAJADAHONDA-bicolor-300x68.png?resize=350%2C200&ssl=1","width":350,"height":200},"classes":[]}],"jetpack_sharing_enabled":true,"_links":{"self":[{"href":"https:\/\/rugbymajadahonda.com\/web\/wp-json\/wp\/v2\/pages\/9943","targetHints":{"allow":["GET"]}}],"collection":[{"href":"https:\/\/rugbymajadahonda.com\/web\/wp-json\/wp\/v2\/pages"}],"about":[{"href":"https:\/\/rugbymajadahonda.com\/web\/wp-json\/wp\/v2\/types\/page"}],"author":[{"embeddable":true,"href":"https:\/\/rugbymajadahonda.com\/web\/wp-json\/wp\/v2\/users\/1"}],"replies":[{"embeddable":true,"href":"https:\/\/rugbymajadahonda.com\/web\/wp-json\/wp\/v2\/comments?post=9943"}],"version-history":[{"count":2,"href":"https:\/\/rugbymajadahonda.com\/web\/wp-json\/wp\/v2\/pages\/9943\/revisions"}],"predecessor-version":[{"id":12112,"href":"https:\/\/rugbymajadahonda.com\/web\/wp-json\/wp\/v2\/pages\/9943\/revisions\/12112"}],"wp:attachment":[{"href":"https:\/\/rugbymajadahonda.com\/web\/wp-json\/wp\/v2\/media?parent=9943"}],"curies":[{"name":"wp","href":"https:\/\/api.w.org\/{rel}","templated":true}]}}